Let u(q) = -50*q - 3809. Calculate the remainder when 1544 is divided by u(-79).
134
Suppose -5*b + 215 = t, -5*t + 6*b - 4*b = -859. What is the remainder when t is divided by 130?
45
Let d = -146 - -136. Let n(p) = -p**3 - 9*p**2 + 6*p - 12. What is the remainder when 102 is divided by n(d)?
18
Suppose 0 = -5*c + 5*w + 105, -41*c - 3*w = -39*c - 67. What is the remainder when 95 is divided by c?
17
Suppose 134*w - 8688 = -10*w + 8880. What is the remainder when w is divided by 28?
10
Let h(y) = -3*y + 55. Let i be h(24). Let m = i - -21. Let x(r) = 9*r - 17. Calculate the remainder when 32 is divided by x(m).
13
Let z = -121 - -67. Let o be 2/18 + (2 - (-6756)/z). Let t = o + 161. What is the remainder when t is divided by 14?
10
Suppose -1801 + 1756 = -9*n. What is the remainder when 2238 is divided by n?
3
Let b = 41 + -9. Suppose 39*j - 32*j + 1694 = 0. Let c = j + 369. What is the remainder when c is divided by b?
31
Let z(m) = -214*m - 4 + 3*m**2 + 438*m - 226*m. Let n = -1 + 4. Calculate the remainder when 63 is divided by z(n).
12
Let i(j) = 139*j**3 - 1. Let b be i(1). Suppose -4*q - 5*o + b + 39 = 0, 2 = 2*o. Let u(s) = s**3 + s + 1. Calculate the remainder when q is divided by u(2).
10
Suppose 0 = -4*j - 3*i + 502 + 257, 3*j - 3*i = 585. What is the remainder when 660 is divided by j?
84
Let b(g) = -12*g - 48. Suppose 51*a = 10*a + 4674. Calculate the remainder when a is divided by b(-8).
18
Let t be ((-5)/15)/(2/(-1032)). Let r = -165 + t. What is the remainder when 13 is divided by r?
6
Calculate the remainder when 3289 is divided by (26 + -29)*((-700)/15)/14.
9
Let a = -4 - -20. Let y = -6 - -11. Suppose 0 = 4*b + 2*t - 252, -2*b - t = -y*t - 106. What is the remainder when b is divided by a?
13
Let t(u) = -5*u**3 + 5*u**2 + 3*u + 2. Let a(i) = -3*i + 8. What is the remainder when t(-2) is divided by a(-7)?
27
Let b(w) = w**3 - 19*w**2 - 32*w + 78. Let x be b(21). Suppose 11*a + 13*a = x. Calculate the remainder when 104 is divided by a.
8
Let n = -13091 - -13696. Calculate the remainder when n is divided by 199.
8
Let x = -679 - -1252. Suppose 14*h + 125 - x = 0. Calculate the remainder when (2 - 0) + -2 + 125 is divided by h.
29
Suppose -333*g + 50446 = 234*g - 5120. Calculate the remainder when 535 is divided by g.
45
Suppose -79*f = -61*f - 1494. Calculate the remainder when f is divided by (60/(-14))/(3/(-21)).
23
Suppose -47*l = 100*l - 73059. Calculate the remainder when l is divided by 157.
26
Suppose 30*y - 91 = 23*y. Calculate the remainder when 2775 is divided by y.
6
Let c = -1133 + 1244. Calculate the remainder when c is divided by 39.
33
Let x = -1298 - -1326. Let s be -4*((-8)/(-2) + -77). Suppose -q - n + 80 = 0, -4*n = -4*q - n + s. What is the remainder when q is divided by x?
20
Let c(v) = v**3 + 17*v**2 + 16*v + 3. Let o be 9/(45/40)*-2. Calculate the remainder when 448/(-84)*1/(2/(-3)) is divided by c(o).
2
Suppose 49*c - 27 = 58*c. Calculate the remainder when 87 is divided by c - 3 - -4 - -24.
21
Let h(m) = 14*m + 17. Let z be (-5 - (-390)/54) + (-2)/9. What is the remainder when 133 is divided by h(z)?
43
What is the remainder when 283 is divided by 12/(14 - (-6877)/(-494))?
131
Let x = 141 + -122. Let t = x - 20. Calculate the remainder when 19 is divided by -51*(-2)/6 - t.
1
Let d = -75635 - -75683. Let x = 3 + -3. Suppose -5*h + x*k = -4*k - 65, -3*k = 0. What is the remainder when d is divided by h?
9
Let u be 186 - ((-4)/(-10))/(2/(-10)). Let x = -62 + u. Suppose 0 = 8*o - 15*o + x. What is the remainder when 160 is divided by o?
16
Suppose -31*a = -3*a - 4424. What is the remainder when a is divided by 42?
32
Let w(u) = 3*u**2 + 6*u. Let o be w(-2). Suppose -189 = 9*i - o*i. Let r = -19 - i. What is the remainder when 7 is divided by r?
1
Let n = -61 - -59. What is the remainder when 141 is divided by n/(-1 + (-68)/(-72))?
33
Let c = -1845 - -540. Let r = c - -1347. Suppose -2*z - 488 = -6*z. Calculate the remainder when z is divided by r.
38
Suppose -11 = -n - 2*j, 4*n - 5*j = n + 44. Let x(p) = -p + 2. Let g be x(0). What is the remainder when g*(57/6 + 3) is divided by n?
12
Let a = 600 - 563. Calculate the remainder when 119 is divided by -1 - (56/(-1) + -36 + a).
11
Suppose 267 = 9*k - 48. Suppose -12 = 33*j - k*j. Calculate the remainder when 19 + 24/j - (-4)/1 is divided by 10.
7
Let x = 3351 - 3270. Calculate the remainder when 292 is divided by x.
49
Suppose -551*d + 26158 = -37*d - 63*d. What is the remainder when 307 is divided by d?
17
Let n(i) = -2*i + 27 - 33 + 100. Let u(w) = 7*w**2 + 40*w - 96. Calculate the remainder when n(0) is divided by u(-8).
30
Suppose 0 = -59*m - 8*m + 1608. Let a(c) = -c + 1. Let s(h) = h**2 - 13*h - 7. Let u(d) = a(d) - s(d). What is the remainder when u(6) is divided by m?
20
Suppose 5*t - 340 - 135 = 0. Let s = -255 + 386. Let q = 156 - s. Calculate the remainder when t is divided by q.
20
Let z be (4 - 9)*-2 - 5. Suppose 1 = 3*i - z. Calculate the remainder when 54 is divided by 42/(i/1) + -2.
16
Let i be (-1)/(-3) - (-3)/(-9). Suppose -5*m - 110 + 615 = i. Let u(q) = 262*q - 1022. Calculate the remainder when m is divided by u(4).
23
Let l be (-41 + 46)/((-2)/(-2)). Suppose -2*i = -v + 48, 0 = -l*v + 4*v + 3*i + 51. What is the remainder when 460 is divided by v?
40
Let j = -2696 + 2745. What is the remainder when 1709 is divided by j?
43
Suppose -5167*r + 5158*r + 108 = 0. Calculate the remainder when 467 is divided by r.
11
Let w = 2664 + -2636. Calculate the remainder when 156 is divided by w.
16
Let g(f) = -67*f + 322. Calculate the remainder when 3570 is divided by g(2).
186
Suppose 2*b = w - 89 + 340, 2*b = 5*w + 263. Suppose 123*s = b*s - 18. What is the remainder when 89 is divided by s?
17
Let x(f) = -f**3 + 16*f**2 - 46*f - 98. What is the remainder when 1517 is divided by x(8)?
45
Let l(d) = -3*d**2 - 72*d - 54. Calculate the remainder when 489 is divided by l(-22).
21
Let g be 6*((-42)/(-12) + -1). Let f = -2 + g. Suppose h = -d + 15, -2*h - f + 3 = 0. Calculate the remainder when 53 is divided by d.
13
Suppose -w - 5*i + 278 - 227 = 0, -4*w = 5*i - 159. Let c = -1 + 6. Suppose 0*h = -h - 2, c*v + 4*h - 87 = 0. Calculate the remainder when w is divided by v.
17
Let z(a) = a**2 - a + 11. Let d be ((-42)/(-18) - 4)*-3. Suppose -4*m = d*n - 4, 5*n - 3*n + 14 = m. Calculate the remainder when z(0) is divided by m.
5
Let i = -53 + 58. Suppose u + 3*n - 5*n = 227, -i*n + 1210 = 5*u. Calculate the remainder when u is divided by 20.
17
Let z(i) = i**3 + 12*i**2 + 2*i - 78. Calculate the remainder when 5099 is divided by z(-10).
101
Let c(r) = -1565*r + 13744. Calculate the remainder when c(6) is divided by 33.
31
Suppose -o - 267 = -5*j, 108*o = -3*j + 104*o + 174. Suppose 5*l = 390 + 135. What is the remainder when l is divided by j?
51
Let z be 4/(-8) + (-1)/(-2). Suppose 4*c + z*q = 2*q + 306, 0 = -5*c - 4*q + 415. Suppose 23*k - 57 - 51 = 19*k. Calculate the remainder when c is divided by k.
25
Let l = 34052 + -33775. What is the remainder when l is divided by 5?
2
Let d = 576 + -40. Let u = d - 379. What is the remainder when u is divided by 32?
29
Suppose 29 = 8*u - 3. Suppose 4*g + 32 = 8*i - u*i, -g + 2*i = 5. Calculate the remainder when 14*g*(-2)/4 is divided by 21.
14
Suppose 3*t + 4*p - 563 = 0, t - 203 = -4*p - 2. Let f = 19 - -43. Calculate the remainder when t is divided by f.
57
Calculate the remainder when 219/(-73)*(-1394)/6 is divided by 35.
32
Let p(z) = -z**2 - 80*z + 351. What is the remainder when 101 is divided by p(4)?
11
Suppose -410*x + 2*k = -407*x - 113, 86 = 2*x + 4*k. What is the remainder when 2958 is divided by x?
33
Suppose -6*o - 4*w = -184, 3*o - 96 + 8 = -w. Suppose 0 = -8*k + 4*k + 404. What is the remainder when k is divided by o?
17
Let k = 61 - 73. Let w(q) = 26 + 964*q - q**3 - 988*q - 15*q**2 + q**2. What is the remainder when 34 is divided by w(k)?
8
Let y(v) = -14*v - 122. Let o be y(-21). Suppose 35 = 3*d - o. Calculate the remainder when d is divided by 9.
6
Let h = -179 + 229. Let x = 82 + -35. Calculate the remainder when x is divided by (h/(-4)*-1)/(2/4).
22
Let s(n) = -n**2 + 48*n - 47. Let j be s(47). Calculate the remainder when ((-846)/(-15) + j)/((-6)/(-40)) is divided by 63.
61
What is the